{"id":369,"date":"2019-03-20T21:30:11","date_gmt":"2019-03-20T21:30:11","guid":{"rendered":"https:\/\/handball.tsv-taufkirchen-1893.de\/?page_id=369"},"modified":"2022-03-20T20:40:36","modified_gmt":"2022-03-20T19:40:36","slug":"sponsor-werden","status":"publish","type":"page","link":"https:\/\/handball.tsv-taufkirchen-1893.de\/?page_id=369","title":{"rendered":"Sponsor werden"},"content":{"rendered":"<p><span style=\"color: #000000;\">Seit \u00fcber 40 Jahren bietet die Handball-Sparte des TSV Taufkirchen\/Vils Handballbegeisterten die M\u00f6glichkeit ihren Sport auszu\u00fcben.&nbsp;<\/span><\/p>\n<p><span style=\"color: #000000;\">Um dies auch k\u00fcnftig sicherstellen zu k\u00f6nnen, m\u00f6chten wir unseren Verein zukunftsorientiert ausrichten.<\/span><\/p>\n<p><span style=\"color: #000000;\">Der Fokus liegt dabei auf der Gewinnung neuer Spieler (am besten schon in jungen Jahren) sowie der F\u00f6rderung unserer Jugend-Teams. Ebenso m\u00f6chten wir unsere Erwachsenenteams langfristig in h\u00f6heren Spielklassen etablieren, um so auch Jugendspielern eine Perspektive bieten zu k\u00f6nnen.&nbsp;<\/span><\/p>\n<p><span style=\"color: #000000;\">Um dies zu erreichen, setzen wir auf eine st\u00e4rkere Pr\u00e4senz an Schulen sowie eine verbesserte \u00d6ffentlichkeitsarbeit. Uns ist es wichtig, den TSV Taufkirchen\/Vils als attraktiven Verein f\u00fcr Interessierte am Handball zu pr\u00e4sentieren.&nbsp;<\/span><\/p>\n<p><span style=\"color: #000000;\">Wenn Sie uns auf dieser Mission unterst\u00fctzen m\u00f6chten, kontaktieren Sie uns bitte gerne unter <span style=\"color: #0000ff;\"><a style=\"color: #0000ff;\" href=\"mailto:sponsoring-handball@tsv-taufkirchen-1893.de\">sponsoring-handball@tsv-taufkirchen-1893.de<\/a><\/span>.<\/span><\/p>\n<p><span style=\"color: #000000;\">Wir freuen uns, Ihnen unsere individuellen M\u00f6glichkeiten zur Repr\u00e4sentation Ihres Unternehmens im Taufkirchner Handballsport darzustellen.<\/span><\/p>\n<p><span style=\"color: #000000;\">Klassisch bieten wir nat\u00fcrlich folgende Optionen an:<\/span><\/p>\n<ul>\n<li><span style=\"color: #000000;\">Kleidungssponsoring (Trikots, Vereins- und Aufw\u00e4rmshirts, Trainingsanz\u00fcge, etc&#8230;)&nbsp;<\/span><\/li>\n<li><span style=\"color: #000000;\">Repr\u00e4sentation auf Mannschaftsfotos (ver\u00f6ffentlicht auf Social Media und unserer Webseite)<\/span><\/li>\n<li><span style=\"color: #000000;\">Erw\u00e4hnung Ihres Unternehmens als Sponsor auf unserer <a style=\"color: #000000;\" href=\"https:\/\/handball.tsv-taufkirchen-1893.de\/?page_id=67\">Webseite<\/a><\/span><\/li>\n<\/ul>\n<p><span style=\"color: #000000;\">Weitere M\u00f6glichkeiten sowie unsere Modalit\u00e4ten erl\u00e4utern wir Ihnen gerne in einem pers\u00f6nlichen Gespr\u00e4ch.<\/span><\/p>\n\n\n<div style=\"height:56px\" aria-hidden=\"true\" class=\"wp-block-spacer\"><\/div>\n\n\n\n<figure class=\"wp-block-image size-large\"><img loading=\"lazy\" decoding=\"async\" width=\"1024\" height=\"267\" src=\"https:\/\/handball.tsv-taufkirchen-1893.de\/wp-content\/uploads\/2022\/03\/banner-5-1-1024x267.jpg\" alt=\"\" class=\"wp-image-2222\" srcset=\"https:\/\/handball.tsv-taufkirchen-1893.de\/wp-content\/uploads\/2022\/03\/banner-5-1-1024x267.jpg 1024w, https:\/\/handball.tsv-taufkirchen-1893.de\/wp-content\/uploads\/2022\/03\/banner-5-1-300x78.jpg 300w, https:\/\/handball.tsv-taufkirchen-1893.de\/wp-content\/uploads\/2022\/03\/banner-5-1-768x200.jpg 768w, https:\/\/handball.tsv-taufkirchen-1893.de\/wp-content\/uploads\/2022\/03\/banner-5-1-1536x400.jpg 1536w, https:\/\/handball.tsv-taufkirchen-1893.de\/wp-content\/uploads\/2022\/03\/banner-5-1.jpg 1920w\" sizes=\"auto, (max-width: 1024px) 100vw, 1024px\" \/><\/figure>\n\n\n\n<p><\/p>\n","protected":false},"excerpt":{"rendered":"<p>Seit \u00fcber 40 Jahren bietet die Handball-Sparte des TSV Taufkirchen\/Vils Handballbegeisterten die M\u00f6glichkeit ihren Sport auszu\u00fcben.&nbsp; Um dies auch k\u00fcnftig sicherstellen zu k\u00f6nnen, m\u00f6chten wir unseren Verein zukunftsorientiert ausrichten. Der Fokus liegt dabei auf der Gewinnung neuer Spieler (am besten schon in jungen Jahren) sowie der F\u00f6rderung unserer Jugend-Teams. Ebenso m\u00f6chten wir unsere Erwachsenenteams langfristig [&hellip;]<\/p>\n","protected":false},"author":2,"featured_media":0,"parent":0,"menu_order":0,"comment_status":"closed","ping_status":"closed","template":"","meta":{"footnotes":""},"class_list":["post-369","page","type-page","status-publish","hentry"],"_links":{"self":[{"href":"https:\/\/handball.tsv-taufkirchen-1893.de\/index.php?rest_route=\/wp\/v2\/pages\/369","targetHints":{"allow":["GET"]}}],"collection":[{"href":"https:\/\/handball.tsv-taufkirchen-1893.de\/index.php?rest_route=\/wp\/v2\/pages"}],"about":[{"href":"https:\/\/handball.tsv-taufkirchen-1893.de\/index.php?rest_route=\/wp\/v2\/types\/page"}],"author":[{"embeddable":true,"href":"https:\/\/handball.tsv-taufkirchen-1893.de\/index.php?rest_route=\/wp\/v2\/users\/2"}],"replies":[{"embeddable":true,"href":"https:\/\/handball.tsv-taufkirchen-1893.de\/index.php?rest_route=%2Fwp%2Fv2%2Fcomments&post=369"}],"version-history":[{"count":17,"href":"https:\/\/handball.tsv-taufkirchen-1893.de\/index.php?rest_route=\/wp\/v2\/pages\/369\/revisions"}],"predecessor-version":[{"id":2223,"href":"https:\/\/handball.tsv-taufkirchen-1893.de\/index.php?rest_route=\/wp\/v2\/pages\/369\/revisions\/2223"}],"wp:attachment":[{"href":"https:\/\/handball.tsv-taufkirchen-1893.de\/index.php?rest_route=%2Fwp%2Fv2%2Fmedia&parent=369"}],"curies":[{"name":"wp","href":"https:\/\/api.w.org\/{rel}","templated":true}]}}