{"id":685,"date":"2019-03-23T12:42:10","date_gmt":"2019-03-23T12:42:10","guid":{"rendered":"https:\/\/handball.tsv-taufkirchen-1893.de\/?page_id=685"},"modified":"2025-10-16T13:49:48","modified_gmt":"2025-10-16T11:49:48","slug":"startseite","status":"publish","type":"page","link":"https:\/\/handball.tsv-taufkirchen-1893.de\/","title":{"rendered":""},"content":{"rendered":"\n<div class=\"wp-block-query is-layout-flow wp-block-query-is-layout-flow\"><div class=\"wp-block-image\">\n<figure class=\"aligncenter size-large is-resized\"><img loading=\"lazy\" decoding=\"async\" width=\"865\" height=\"1024\" src=\"http:\/\/handball.tsv-taufkirchen-1893.de\/wp-content\/uploads\/2019\/03\/cropped-tsv-logo-kleiner-1-1-865x1024.png\" alt=\"\" class=\"wp-image-290\" style=\"width:144px;height:171px\" srcset=\"https:\/\/handball.tsv-taufkirchen-1893.de\/wp-content\/uploads\/2019\/03\/cropped-tsv-logo-kleiner-1-1-865x1024.png 865w, https:\/\/handball.tsv-taufkirchen-1893.de\/wp-content\/uploads\/2019\/03\/cropped-tsv-logo-kleiner-1-1-254x300.png 254w, https:\/\/handball.tsv-taufkirchen-1893.de\/wp-content\/uploads\/2019\/03\/cropped-tsv-logo-kleiner-1-1-768x909.png 768w, https:\/\/handball.tsv-taufkirchen-1893.de\/wp-content\/uploads\/2019\/03\/cropped-tsv-logo-kleiner-1-1.png 1413w\" sizes=\"auto, (max-width: 865px) 100vw, 865px\" \/><\/figure>\n<\/div>\n\n\n<div style=\"height:26px\" aria-hidden=\"true\" class=\"wp-block-spacer\"><\/div>\n\n\n\n<figure class=\"wp-block-image size-large\"><a href=\"https:\/\/tsvtaufkirchen.myteamshop.de\/\" target=\"_blank\" rel=\"noreferrer noopener\"><img decoding=\"async\" src=\"https:\/\/tsvtaufkirchen.myteamshop.de\/thumbnail\/bb\/81\/e8\/1684965982\/TSV%20TAUFKIRCHEN-Header_1920x1920.png\" alt=\"\"\/><\/a><\/figure>\n\n\n\n<div style=\"height:26px\" aria-hidden=\"true\" class=\"wp-block-spacer\"><\/div>\n\n\n\n<h2 class=\"wp-block-heading\"><mark style=\"background-color:rgba(0, 0, 0, 0);color:#0079c6\" class=\"has-inline-color\"><strong><a href=\"https:\/\/handball.tsv-taufkirchen-1893.de\/?page_id=27\">Mannschaften<\/a><\/strong><\/mark><\/h2>\n\n\n\n<div class=\"wp-block-columns is-layout-flex wp-container-core-columns-is-layout-9d6595d7 wp-block-columns-is-layout-flex\">\n<div class=\"wp-block-column is-layout-flow wp-block-column-is-layout-flow\">\n<h3 class=\"wp-block-heading\"><a href=\"https:\/\/handball.tsv-taufkirchen-1893.de\/?page_id=29\">Herren<\/a><\/h3>\n\n\n\n<figure class=\"wp-block-image size-full shaddowimg\"><img loading=\"lazy\" decoding=\"async\" width=\"2560\" height=\"1849\" src=\"https:\/\/handball.tsv-taufkirchen-1893.de\/wp-content\/uploads\/2025\/10\/P39A0007-scaled.jpg\" alt=\"\" class=\"wp-image-3070\" srcset=\"https:\/\/handball.tsv-taufkirchen-1893.de\/wp-content\/uploads\/2025\/10\/P39A0007-scaled.jpg 2560w, https:\/\/handball.tsv-taufkirchen-1893.de\/wp-content\/uploads\/2025\/10\/P39A0007-300x217.jpg 300w, https:\/\/handball.tsv-taufkirchen-1893.de\/wp-content\/uploads\/2025\/10\/P39A0007-1024x740.jpg 1024w, https:\/\/handball.tsv-taufkirchen-1893.de\/wp-content\/uploads\/2025\/10\/P39A0007-768x555.jpg 768w, https:\/\/handball.tsv-taufkirchen-1893.de\/wp-content\/uploads\/2025\/10\/P39A0007-1536x1109.jpg 1536w, https:\/\/handball.tsv-taufkirchen-1893.de\/wp-content\/uploads\/2025\/10\/P39A0007-2048x1479.jpg 2048w\" sizes=\"auto, (max-width: 2560px) 100vw, 2560px\" \/><\/figure>\n<\/div>\n\n\n\n<div class=\"wp-block-column is-layout-flow wp-block-column-is-layout-flow\">\n<h3 class=\"wp-block-heading\"><a href=\"https:\/\/handball.tsv-taufkirchen-1893.de\/?page_id=31\">Damen<\/a><\/h3>\n\n\n\n<figure class=\"wp-block-image size-full shaddowimg\"><img loading=\"lazy\" decoding=\"async\" width=\"2560\" height=\"1849\" src=\"https:\/\/handball.tsv-taufkirchen-1893.de\/wp-content\/uploads\/2025\/10\/P39A0014-1-scaled.jpg\" alt=\"\" class=\"wp-image-3071\" srcset=\"https:\/\/handball.tsv-taufkirchen-1893.de\/wp-content\/uploads\/2025\/10\/P39A0014-1-scaled.jpg 2560w, https:\/\/handball.tsv-taufkirchen-1893.de\/wp-content\/uploads\/2025\/10\/P39A0014-1-300x217.jpg 300w, https:\/\/handball.tsv-taufkirchen-1893.de\/wp-content\/uploads\/2025\/10\/P39A0014-1-1024x740.jpg 1024w, https:\/\/handball.tsv-taufkirchen-1893.de\/wp-content\/uploads\/2025\/10\/P39A0014-1-768x555.jpg 768w, https:\/\/handball.tsv-taufkirchen-1893.de\/wp-content\/uploads\/2025\/10\/P39A0014-1-1536x1110.jpg 1536w, https:\/\/handball.tsv-taufkirchen-1893.de\/wp-content\/uploads\/2025\/10\/P39A0014-1-2048x1479.jpg 2048w\" sizes=\"auto, (max-width: 2560px) 100vw, 2560px\" \/><\/figure>\n<\/div>\n<\/div>\n\n\n\n<div class=\"wp-block-columns is-layout-flex wp-container-core-columns-is-layout-9d6595d7 wp-block-columns-is-layout-flex\">\n<div class=\"wp-block-column is-layout-flow wp-block-column-is-layout-flow\">\n<h3 class=\"wp-block-heading\"><a href=\"https:\/\/handball.tsv-taufkirchen-1893.de\/?page_id=364\">m\u00e4nnl. B-Jugend<\/a><\/h3>\n\n\n\n<figure class=\"wp-block-image size-full shaddowimg\"><img loading=\"lazy\" decoding=\"async\" width=\"2560\" height=\"1849\" src=\"https:\/\/handball.tsv-taufkirchen-1893.de\/wp-content\/uploads\/2025\/10\/P39A0026-scaled.jpg\" alt=\"\" class=\"wp-image-3073\" srcset=\"https:\/\/handball.tsv-taufkirchen-1893.de\/wp-content\/uploads\/2025\/10\/P39A0026-scaled.jpg 2560w, https:\/\/handball.tsv-taufkirchen-1893.de\/wp-content\/uploads\/2025\/10\/P39A0026-300x217.jpg 300w, https:\/\/handball.tsv-taufkirchen-1893.de\/wp-content\/uploads\/2025\/10\/P39A0026-1024x739.jpg 1024w, https:\/\/handball.tsv-taufkirchen-1893.de\/wp-content\/uploads\/2025\/10\/P39A0026-768x555.jpg 768w, https:\/\/handball.tsv-taufkirchen-1893.de\/wp-content\/uploads\/2025\/10\/P39A0026-1536x1109.jpg 1536w, https:\/\/handball.tsv-taufkirchen-1893.de\/wp-content\/uploads\/2025\/10\/P39A0026-2048x1479.jpg 2048w\" sizes=\"auto, (max-width: 2560px) 100vw, 2560px\" \/><\/figure>\n<\/div>\n\n\n\n<div class=\"wp-block-column is-layout-flow wp-block-column-is-layout-flow\">\n<h3 class=\"wp-block-heading\"><a href=\"https:\/\/handball.tsv-taufkirchen-1893.de\/?page_id=993\">m\u00e4nnl. D-Jugend<\/a><\/h3>\n\n\n\n<figure class=\"wp-block-image size-full shaddowimg\"><img loading=\"lazy\" decoding=\"async\" width=\"2560\" height=\"1849\" src=\"https:\/\/handball.tsv-taufkirchen-1893.de\/wp-content\/uploads\/2025\/10\/P39A0597_1-scaled.jpg\" alt=\"\" class=\"wp-image-3074\" srcset=\"https:\/\/handball.tsv-taufkirchen-1893.de\/wp-content\/uploads\/2025\/10\/P39A0597_1-scaled.jpg 2560w, https:\/\/handball.tsv-taufkirchen-1893.de\/wp-content\/uploads\/2025\/10\/P39A0597_1-300x217.jpg 300w, https:\/\/handball.tsv-taufkirchen-1893.de\/wp-content\/uploads\/2025\/10\/P39A0597_1-1024x740.jpg 1024w, https:\/\/handball.tsv-taufkirchen-1893.de\/wp-content\/uploads\/2025\/10\/P39A0597_1-768x555.jpg 768w, https:\/\/handball.tsv-taufkirchen-1893.de\/wp-content\/uploads\/2025\/10\/P39A0597_1-1536x1109.jpg 1536w, https:\/\/handball.tsv-taufkirchen-1893.de\/wp-content\/uploads\/2025\/10\/P39A0597_1-2048x1479.jpg 2048w\" sizes=\"auto, (max-width: 2560px) 100vw, 2560px\" \/><\/figure>\n<\/div>\n\n\n\n<div class=\"wp-block-column is-layout-flow wp-block-column-is-layout-flow\">\n<h3 class=\"wp-block-heading\"><a href=\"https:\/\/handball.tsv-taufkirchen-1893.de\/?page_id=1537\">gem. E-Jugend<\/a><\/h3>\n\n\n\n<figure class=\"wp-block-image size-full shaddowimg\"><img loading=\"lazy\" decoding=\"async\" width=\"2560\" height=\"1849\" src=\"https:\/\/handball.tsv-taufkirchen-1893.de\/wp-content\/uploads\/2025\/10\/P39A0613-scaled.jpg\" alt=\"\" class=\"wp-image-3075\" srcset=\"https:\/\/handball.tsv-taufkirchen-1893.de\/wp-content\/uploads\/2025\/10\/P39A0613-scaled.jpg 2560w, https:\/\/handball.tsv-taufkirchen-1893.de\/wp-content\/uploads\/2025\/10\/P39A0613-300x217.jpg 300w, https:\/\/handball.tsv-taufkirchen-1893.de\/wp-content\/uploads\/2025\/10\/P39A0613-1024x740.jpg 1024w, https:\/\/handball.tsv-taufkirchen-1893.de\/wp-content\/uploads\/2025\/10\/P39A0613-768x555.jpg 768w, https:\/\/handball.tsv-taufkirchen-1893.de\/wp-content\/uploads\/2025\/10\/P39A0613-1536x1109.jpg 1536w, https:\/\/handball.tsv-taufkirchen-1893.de\/wp-content\/uploads\/2025\/10\/P39A0613-2048x1479.jpg 2048w\" sizes=\"auto, (max-width: 2560px) 100vw, 2560px\" \/><\/figure>\n<\/div>\n<\/div>\n\n\n\n<div style=\"height:47px\" aria-hidden=\"true\" class=\"wp-block-spacer\"><\/div>\n\n\n<ul class=\"wp-block-post-template is-layout-flow wp-block-post-template-is-layout-flow\"><li class=\"wp-block-post post-3346 post type-post status-publish format-standard hentry category-aktuelles\">\n\n<h2 class=\"wp-block-heading\"><mark style=\"background-color:rgba(0, 0, 0, 0);color:#0079c6\" class=\"has-inline-color\"><strong><a href=\"https:\/\/handball.tsv-taufkirchen-1893.de\/?page_id=95\">Aktuelles<\/a><\/strong><\/mark><\/h2>\n\n\n\n<div class=\"wp-block-query is-layout-flow wp-block-query-is-layout-flow\"><ul class=\"columns-3 wp-block-post-template is-layout-grid wp-container-core-post-template-is-layout-2fc57c17 wp-block-post-template-is-layout-grid\"><li class=\"wp-block-post post-3346 post type-post status-publish format-standard hentry category-aktuelles\">\n\n<div class=\"wp-block-group\" style=\"padding-top:30px;padding-right:30px;padding-bottom:30px;padding-left:30px\"><div class=\"wp-block-group__inner-container is-layout-flow wp-block-group-is-layout-flow\"><div class=\"wp-block-post-date\"><time datetime=\"2026-03-28T15:19:14+01:00\">28. M\u00e4rz 2026<\/time><\/div>\n\n<h4 class=\"wp-block-post-title\"><a href=\"https:\/\/handball.tsv-taufkirchen-1893.de\/?p=3346\" target=\"_self\" >Absteiger mit Optionen, Leistung und Potenzial<\/a><\/h4>\n\n<div class=\"wp-block-post-excerpt has-text-color has-black-color\"><p class=\"wp-block-post-excerpt__excerpt\">Damen Handball-Bezirksliga: Taufkirchens junges Frauenteam unterliegt Moosburg mit 28:32 \u2013 Sonntag Saisonabschluss samt Trainerabschied in Altenerding von Olaf Heid Taufkirchen &#8211; Das letzte Heimspiel als Bezirksligist haben die Handballfrauen des TSV Taufkirchen gegen die SG Moosburg verloren. Die als Absteiger feststehende, junge Mannschaft ums Trainergespann Manfred Scholz und Maximilian Josef unterlag mit 28:32 (16:20) Toren.&hellip; <\/p><\/div><\/div><\/div>\n\n<\/li><li class=\"wp-block-post post-3340 post type-post status-publish format-standard hentry category-aktuelles\">\n\n<div class=\"wp-block-group\" style=\"padding-top:30px;padding-right:30px;padding-bottom:30px;padding-left:30px\"><div class=\"wp-block-group__inner-container is-layout-flow wp-block-group-is-layout-flow\"><div class=\"wp-block-post-date\"><time datetime=\"2026-03-25T21:58:00+01:00\">25. M\u00e4rz 2026<\/time><\/div>\n\n<h4 class=\"wp-block-post-title\"><a href=\"https:\/\/handball.tsv-taufkirchen-1893.de\/?p=3340\" target=\"_self\" >Wundersame Aufholjagd<\/a><\/h4>\n\n<div class=\"wp-block-post-excerpt has-text-color has-black-color\"><p class=\"wp-block-post-excerpt__excerpt\">Herren Taufkirchens M\u00e4nner machen sieben Tore-R\u00fcckstand binnen vier Minuten wett und retten ein 33:33-Remis in Burghausen von Olaf Heid Taufkirchen &#8211; Mit einem 33:33 (15:15)-Unentschieden beim SV Wacker Burghausen 2 haben die Handballer des TSV Taufkirchen die Saison beendet. Die G\u00e4ste von der Vils f\u00fchlten sich am Ende als Sieger, schlie\u00dflich hatten sie in den&hellip; <\/p><\/div><\/div><\/div>\n\n<\/li><li class=\"wp-block-post post-3335 post type-post status-publish format-standard hentry category-aktuelles\">\n\n<div class=\"wp-block-group\" style=\"padding-top:30px;padding-right:30px;padding-bottom:30px;padding-left:30px\"><div class=\"wp-block-group__inner-container is-layout-flow wp-block-group-is-layout-flow\"><div class=\"wp-block-post-date\"><time datetime=\"2026-03-18T10:17:43+01:00\">18. M\u00e4rz 2026<\/time><\/div>\n\n<h4 class=\"wp-block-post-title\"><a href=\"https:\/\/handball.tsv-taufkirchen-1893.de\/?p=3335\" target=\"_self\" >In Taufkirchen leuchten zwei rote Laternen<\/a><\/h4>\n\n<div class=\"wp-block-post-excerpt has-text-color has-black-color\"><p class=\"wp-block-post-excerpt__excerpt\">Handball-Bezirksliga: TSV-Frauenteam ist nach einer 26:32-Niederlage bei Schlei\u00dfheim 2 abgestiegen \u2013 M\u00e4nner kassieren beim Re-Start heftige 25:35-Packung in Rottenburg \u00a0 von Olaf Heid \u00a0 Taufkirchen \u2013 Deutliche Niederlagen haben die beiden Erwachsenenteams des TSV Taufkirchen in der Handball-Bezirksliga kassiert \u2013 und beide wedeln nun synchron mit der roten Laterne des Tabellenletzten. Allerdings hat dies derzeit&hellip; <\/p><\/div><\/div><\/div>\n\n<\/li><\/ul><\/div>\n\n<\/li><\/ul>\n\n\n<div class=\"wp-block-buttons is-content-justification-center is-layout-flex wp-container-core-buttons-is-layout-16018d1d wp-block-buttons-is-layout-flex\">\n<div class=\"wp-block-button is-style-outline is-style-outline--1\"><a class=\"wp-block-button__link has-text-color has-link-color has-text-align-center wp-element-button\" href=\"https:\/\/handball.tsv-taufkirchen-1893.de\/?page_id=95\" style=\"color:#0079c6\">mehr&#8230;<\/a><\/div>\n<\/div>\n\n\n\n<div style=\"height:43px\" aria-hidden=\"true\" class=\"wp-block-spacer\"><\/div>\n\n\n\n<figure class=\"wp-block-image size-large\"><img loading=\"lazy\" decoding=\"async\" width=\"1024\" height=\"267\" src=\"https:\/\/handball.tsv-taufkirchen-1893.de\/wp-content\/uploads\/2022\/03\/titelbild-webseite-7-1024x267.jpg\" alt=\"\" class=\"wp-image-2196\" srcset=\"https:\/\/handball.tsv-taufkirchen-1893.de\/wp-content\/uploads\/2022\/03\/titelbild-webseite-7-1024x267.jpg 1024w, https:\/\/handball.tsv-taufkirchen-1893.de\/wp-content\/uploads\/2022\/03\/titelbild-webseite-7-300x78.jpg 300w, https:\/\/handball.tsv-taufkirchen-1893.de\/wp-content\/uploads\/2022\/03\/titelbild-webseite-7-768x200.jpg 768w, https:\/\/handball.tsv-taufkirchen-1893.de\/wp-content\/uploads\/2022\/03\/titelbild-webseite-7-1536x400.jpg 1536w, https:\/\/handball.tsv-taufkirchen-1893.de\/wp-content\/uploads\/2022\/03\/titelbild-webseite-7.jpg 1920w\" sizes=\"auto, (max-width: 1024px) 100vw, 1024px\" \/><\/figure>\n<\/div>\n\n\n<h1>&nbsp;<\/h1>\n<h1 style=\"text-align: center;\"><span style=\"color: #0079c6;\">Mit freundlicher Unterst\u00fctzung&nbsp;<\/span><br \/><span style=\"color: #0079c6;\">von<\/span><\/h1>\n\n<!-- wp:columns -->\n<div class=\"wp-block-columns\"><!-- wp:column -->\n<div class=\"wp-block-column\"><!-- wp:image {\"id\":1698,\"sizeSlug\":\"full\",\"linkDestination\":\"none\"} -->\n<figure class=\"wp-block-image size-full\"><img loading=\"lazy\" decoding=\"async\" width=\"600\" height=\"300\" src=\"http:\/\/handball.tsv-taufkirchen-1893.de\/wp-content\/uploads\/2020\/10\/vr-bank-2.png\" alt=\"\" class=\"wp-image-1698\" srcset=\"https:\/\/handball.tsv-taufkirchen-1893.de\/wp-content\/uploads\/2020\/10\/vr-bank-2.png 600w, https:\/\/handball.tsv-taufkirchen-1893.de\/wp-content\/uploads\/2020\/10\/vr-bank-2-300x150.png 300w\" sizes=\"auto, (max-width: 600px) 100vw, 600px\" \/><\/figure>\n<!-- \/wp:image -->\n\n<!-- wp:image {\"id\":3360,\"sizeSlug\":\"full\",\"linkDestination\":\"none\"} -->\n<figure class=\"wp-block-image size-full\"><img loading=\"lazy\" decoding=\"async\" width=\"2560\" height=\"1412\" src=\"https:\/\/handball.tsv-taufkirchen-1893.de\/wp-content\/uploads\/2026\/04\/LVM-Logo-RGB-scaled.png\" alt=\"\" class=\"wp-image-3360\" srcset=\"https:\/\/handball.tsv-taufkirchen-1893.de\/wp-content\/uploads\/2026\/04\/LVM-Logo-RGB-scaled.png 2560w, https:\/\/handball.tsv-taufkirchen-1893.de\/wp-content\/uploads\/2026\/04\/LVM-Logo-RGB-300x165.png 300w, https:\/\/handball.tsv-taufkirchen-1893.de\/wp-content\/uploads\/2026\/04\/LVM-Logo-RGB-1024x565.png 1024w, https:\/\/handball.tsv-taufkirchen-1893.de\/wp-content\/uploads\/2026\/04\/LVM-Logo-RGB-768x424.png 768w, https:\/\/handball.tsv-taufkirchen-1893.de\/wp-content\/uploads\/2026\/04\/LVM-Logo-RGB-1536x847.png 1536w, https:\/\/handball.tsv-taufkirchen-1893.de\/wp-content\/uploads\/2026\/04\/LVM-Logo-RGB-2048x1129.png 2048w\" sizes=\"auto, (max-width: 2560px) 100vw, 2560px\" \/><\/figure>\n<!-- \/wp:image -->\n\n<!-- wp:image {\"id\":3365,\"sizeSlug\":\"full\",\"linkDestination\":\"none\"} -->\n<figure class=\"wp-block-image size-full\"><img loading=\"lazy\" decoding=\"async\" width=\"400\" height=\"129\" src=\"https:\/\/handball.tsv-taufkirchen-1893.de\/wp-content\/uploads\/2026\/04\/cropped-zuendts_logo_400x129px-1.png\" alt=\"\" class=\"wp-image-3365\" srcset=\"https:\/\/handball.tsv-taufkirchen-1893.de\/wp-content\/uploads\/2026\/04\/cropped-zuendts_logo_400x129px-1.png 400w, https:\/\/handball.tsv-taufkirchen-1893.de\/wp-content\/uploads\/2026\/04\/cropped-zuendts_logo_400x129px-1-300x97.png 300w\" sizes=\"auto, (max-width: 400px) 100vw, 400px\" \/><\/figure>\n<!-- \/wp:image --><\/div>\n<!-- \/wp:column -->\n\n<!-- wp:column -->\n<div class=\"wp-block-column\"><!-- wp:image {\"id\":1689,\"sizeSlug\":\"full\",\"linkDestination\":\"none\"} -->\n<figure class=\"wp-block-image size-full\"><img loading=\"lazy\" decoding=\"async\" width=\"600\" height=\"300\" src=\"http:\/\/handball.tsv-taufkirchen-1893.de\/wp-content\/uploads\/2020\/10\/grabmeier-1.png\" alt=\"\" class=\"wp-image-1689\" srcset=\"https:\/\/handball.tsv-taufkirchen-1893.de\/wp-content\/uploads\/2020\/10\/grabmeier-1.png 600w, https:\/\/handball.tsv-taufkirchen-1893.de\/wp-content\/uploads\/2020\/10\/grabmeier-1-300x150.png 300w\" sizes=\"auto, (max-width: 600px) 100vw, 600px\" \/><\/figure>\n<!-- \/wp:image -->\n\n<!-- wp:image {\"id\":1697,\"sizeSlug\":\"full\",\"linkDestination\":\"none\"} -->\n<figure class=\"wp-block-image size-full\"><img loading=\"lazy\" decoding=\"async\" width=\"600\" height=\"300\" src=\"http:\/\/handball.tsv-taufkirchen-1893.de\/wp-content\/uploads\/2020\/10\/stoeckl-1.png\" alt=\"\" class=\"wp-image-1697\" srcset=\"https:\/\/handball.tsv-taufkirchen-1893.de\/wp-content\/uploads\/2020\/10\/stoeckl-1.png 600w, https:\/\/handball.tsv-taufkirchen-1893.de\/wp-content\/uploads\/2020\/10\/stoeckl-1-300x150.png 300w\" sizes=\"auto, (max-width: 600px) 100vw, 600px\" \/><\/figure>\n<!-- \/wp:image -->\n\n<!-- wp:image {\"id\":3025,\"sizeSlug\":\"full\",\"linkDestination\":\"none\"} -->\n<figure class=\"wp-block-image size-full\"><img loading=\"lazy\" decoding=\"async\" width=\"600\" height=\"300\" src=\"https:\/\/handball.tsv-taufkirchen-1893.de\/wp-content\/uploads\/2025\/02\/hofstaetter.png\" alt=\"\" class=\"wp-image-3025\" srcset=\"https:\/\/handball.tsv-taufkirchen-1893.de\/wp-content\/uploads\/2025\/02\/hofstaetter.png 600w, https:\/\/handball.tsv-taufkirchen-1893.de\/wp-content\/uploads\/2025\/02\/hofstaetter-300x150.png 300w\" sizes=\"auto, (max-width: 600px) 100vw, 600px\" \/><\/figure>\n<!-- \/wp:image --><\/div>\n<!-- \/wp:column -->\n\n<!-- wp:column -->\n<div class=\"wp-block-column\"><!-- wp:image {\"id\":3023,\"sizeSlug\":\"full\",\"linkDestination\":\"none\"} -->\n<figure class=\"wp-block-image size-full\"><img loading=\"lazy\" decoding=\"async\" width=\"600\" height=\"300\" src=\"https:\/\/handball.tsv-taufkirchen-1893.de\/wp-content\/uploads\/2025\/02\/emilio.png\" alt=\"\" class=\"wp-image-3023\" srcset=\"https:\/\/handball.tsv-taufkirchen-1893.de\/wp-content\/uploads\/2025\/02\/emilio.png 600w, https:\/\/handball.tsv-taufkirchen-1893.de\/wp-content\/uploads\/2025\/02\/emilio-300x150.png 300w\" sizes=\"auto, (max-width: 600px) 100vw, 600px\" \/><\/figure>\n<!-- \/wp:image -->\n\n<!-- wp:image {\"id\":3021,\"sizeSlug\":\"full\",\"linkDestination\":\"none\"} -->\n<figure class=\"wp-block-image size-full\"><img loading=\"lazy\" decoding=\"async\" width=\"600\" height=\"300\" src=\"https:\/\/handball.tsv-taufkirchen-1893.de\/wp-content\/uploads\/2025\/02\/liebl.png\" alt=\"\" class=\"wp-image-3021\" srcset=\"https:\/\/handball.tsv-taufkirchen-1893.de\/wp-content\/uploads\/2025\/02\/liebl.png 600w, https:\/\/handball.tsv-taufkirchen-1893.de\/wp-content\/uploads\/2025\/02\/liebl-300x150.png 300w\" sizes=\"auto, (max-width: 600px) 100vw, 600px\" \/><\/figure>\n<!-- \/wp:image -->\n\n<!-- wp:image {\"id\":3363,\"width\":\"154px\",\"height\":\"auto\",\"aspectRatio\":\"1.2352775429698506\",\"sizeSlug\":\"large\",\"linkDestination\":\"none\",\"align\":\"center\"} -->\n<figure class=\"wp-block-image aligncenter size-large is-resized\"><img loading=\"lazy\" decoding=\"async\" width=\"1024\" height=\"829\" src=\"https:\/\/handball.tsv-taufkirchen-1893.de\/wp-content\/uploads\/2026\/04\/biergarten-logo-2020-4c-1024x829.png\" alt=\"\" class=\"wp-image-3363\" style=\"aspect-ratio:1.2352775429698506;width:154px;height:auto\" srcset=\"https:\/\/handball.tsv-taufkirchen-1893.de\/wp-content\/uploads\/2026\/04\/biergarten-logo-2020-4c-1024x829.png 1024w, https:\/\/handball.tsv-taufkirchen-1893.de\/wp-content\/uploads\/2026\/04\/biergarten-logo-2020-4c-300x243.png 300w, https:\/\/handball.tsv-taufkirchen-1893.de\/wp-content\/uploads\/2026\/04\/biergarten-logo-2020-4c-768x622.png 768w, https:\/\/handball.tsv-taufkirchen-1893.de\/wp-content\/uploads\/2026\/04\/biergarten-logo-2020-4c-1536x1244.png 1536w, https:\/\/handball.tsv-taufkirchen-1893.de\/wp-content\/uploads\/2026\/04\/biergarten-logo-2020-4c-2048x1658.png 2048w\" sizes=\"auto, (max-width: 1024px) 100vw, 1024px\" \/><\/figure>\n<!-- \/wp:image --><\/div>\n<!-- \/wp:column --><\/div>\n<!-- \/wp:columns -->\n\n<!-- wp:image {\"id\":2641,\"sizeSlug\":\"large\",\"linkDestination\":\"none\",\"align\":\"center\"} -->\n<figure class=\"wp-block-image aligncenter size-large\"><img loading=\"lazy\" decoding=\"async\" width=\"1024\" height=\"267\" src=\"https:\/\/handball.tsv-taufkirchen-1893.de\/wp-content\/uploads\/2023\/09\/banner-9-1024x267.jpg\" alt=\"\" class=\"wp-image-2641\" srcset=\"https:\/\/handball.tsv-taufkirchen-1893.de\/wp-content\/uploads\/2023\/09\/banner-9-1024x267.jpg 1024w, https:\/\/handball.tsv-taufkirchen-1893.de\/wp-content\/uploads\/2023\/09\/banner-9-300x78.jpg 300w, https:\/\/handball.tsv-taufkirchen-1893.de\/wp-content\/uploads\/2023\/09\/banner-9-768x200.jpg 768w, https:\/\/handball.tsv-taufkirchen-1893.de\/wp-content\/uploads\/2023\/09\/banner-9-1536x400.jpg 1536w, https:\/\/handball.tsv-taufkirchen-1893.de\/wp-content\/uploads\/2023\/09\/banner-9.jpg 1920w\" sizes=\"auto, (max-width: 1024px) 100vw, 1024px\" \/><\/figure>\n<!-- \/wp:image -->\n","protected":false},"excerpt":{"rendered":"<p>&nbsp; Mit freundlicher Unterst\u00fctzung&nbsp;von<\/p>\n","protected":false},"author":2,"featured_media":0,"parent":0,"menu_order":0,"comment_status":"closed","ping_status":"closed","template":"","meta":{"footnotes":""},"class_list":["post-685","page","type-page","status-publish","hentry"],"_links":{"self":[{"href":"https:\/\/handball.tsv-taufkirchen-1893.de\/index.php?rest_route=\/wp\/v2\/pages\/685","targetHints":{"allow":["GET"]}}],"collection":[{"href":"https:\/\/handball.tsv-taufkirchen-1893.de\/index.php?rest_route=\/wp\/v2\/pages"}],"about":[{"href":"https:\/\/handball.tsv-taufkirchen-1893.de\/index.php?rest_route=\/wp\/v2\/types\/page"}],"author":[{"embeddable":true,"href":"https:\/\/handball.tsv-taufkirchen-1893.de\/index.php?rest_route=\/wp\/v2\/users\/2"}],"replies":[{"embeddable":true,"href":"https:\/\/handball.tsv-taufkirchen-1893.de\/index.php?rest_route=%2Fwp%2Fv2%2Fcomments&post=685"}],"version-history":[{"count":102,"href":"https:\/\/handball.tsv-taufkirchen-1893.de\/index.php?rest_route=\/wp\/v2\/pages\/685\/revisions"}],"predecessor-version":[{"id":3076,"href":"https:\/\/handball.tsv-taufkirchen-1893.de\/index.php?rest_route=\/wp\/v2\/pages\/685\/revisions\/3076"}],"wp:attachment":[{"href":"https:\/\/handball.tsv-taufkirchen-1893.de\/index.php?rest_route=%2Fwp%2Fv2%2Fmedia&parent=685"}],"curies":[{"name":"wp","href":"https:\/\/api.w.org\/{rel}","templated":true}]}}